{"id":994,"date":"2021-11-12T09:43:23","date_gmt":"2021-11-12T08:43:23","guid":{"rendered":"https:\/\/plu-chateaugontier.fr\/?page_id=994"},"modified":"2021-11-15T17:07:32","modified_gmt":"2021-11-15T16:07:32","slug":"contact","status":"publish","type":"page","link":"https:\/\/plu-chateaugontier.fr\/index.php\/contact\/","title":{"rendered":"CONTACT"},"content":{"rendered":"<div class=\"wpforms-container wpforms-container-full wpforms-block\" id=\"wpforms-997\"><form id=\"wpforms-form-997\" class=\"wpforms-validate wpforms-form\" data-formid=\"997\" method=\"post\" enctype=\"multipart\/form-data\" action=\"\/index.php\/wp-json\/wp\/v2\/pages\/994\" data-token=\"7089216aad1871897b4fa8b623914dea\" data-token-time=\"1777384466\"><noscript class=\"wpforms-error-noscript\">Veuillez activer JavaScript dans votre navigateur pour remplir ce formulaire.<\/noscript><div class=\"wpforms-field-container\"><div id=\"wpforms-997-field_0-container\" class=\"wpforms-field wpforms-field-name\" data-field-id=\"0\"><label class=\"wpforms-field-label\" for=\"wpforms-997-field_0\">Nom <span class=\"wpforms-required-label\">*<\/span><\/label><input type=\"text\" id=\"wpforms-997-field_0\" class=\"wpforms-field-medium wpforms-field-required\" name=\"wpforms[fields][0]\" required><\/div><div id=\"wpforms-997-field_1-container\" class=\"wpforms-field wpforms-field-email\" data-field-id=\"1\"><label class=\"wpforms-field-label\" for=\"wpforms-997-field_1\">E-mail <span class=\"wpforms-required-label\">*<\/span><\/label><input type=\"email\" id=\"wpforms-997-field_1\" class=\"wpforms-field-medium wpforms-field-required\" name=\"wpforms[fields][1]\" spellcheck=\"false\" required><\/div><div id=\"wpforms-997-field_4-container\" class=\"wpforms-field wpforms-field-text\" data-field-id=\"4\"><label class=\"wpforms-field-label\" for=\"wpforms-997-field_4\">Sujet<\/label><input type=\"text\" id=\"wpforms-997-field_4\" class=\"wpforms-field-medium\" name=\"wpforms[fields][4]\" ><\/div><div id=\"wpforms-997-field_2-container\" class=\"wpforms-field wpforms-field-textarea\" data-field-id=\"2\"><label class=\"wpforms-field-label\" for=\"wpforms-997-field_2\">Commentaire ou message <span class=\"wpforms-required-label\">*<\/span><\/label><textarea id=\"wpforms-997-field_2\" class=\"wpforms-field-medium wpforms-field-required\" name=\"wpforms[fields][2]\" required><\/textarea><\/div><\/div><!-- .wpforms-field-container --><div class=\"wpforms-recaptcha-container wpforms-is-recaptcha wpforms-is-recaptcha-type-v2\" ><div class=\"g-recaptcha\" data-sitekey=\"6LcuVSwdAAAAALIgXp1PS_a6CnXdAF8M4C8TuAlh\"><\/div><input type=\"text\" name=\"g-recaptcha-hidden\" class=\"wpforms-recaptcha-hidden\" style=\"position:absolute!important;clip:rect(0,0,0,0)!important;height:1px!important;width:1px!important;border:0!important;overflow:hidden!important;padding:0!important;margin:0!important;\" data-rule-recaptcha=\"1\"><\/div><div class=\"wpforms-submit-container\" ><input type=\"hidden\" name=\"wpforms[id]\" value=\"997\"><input type=\"hidden\" name=\"page_title\" value=\"\"><input type=\"hidden\" name=\"page_url\" value=\"https:\/\/plu-chateaugontier.fr\/index.php\/wp-json\/wp\/v2\/pages\/994\"><input type=\"hidden\" name=\"url_referer\" value=\"\"><button type=\"submit\" name=\"wpforms[submit]\" id=\"wpforms-submit-997\" class=\"wpforms-submit\" data-alt-text=\"Envoi...\" data-submit-text=\"Envoyer\" aria-live=\"assertive\" value=\"wpforms-submit\">Envoyer<\/button><\/div><\/form><\/div>  <!-- .wpforms-container -->\n\n\n<p><em>&#8220;L&#8217;article L.103-2 du code de l&#8217;urbanisme dispose que les Plan Locaux d&#8217;Urbanisme &#8220;font l&#8217;objet d&#8217;une concertation associant, pendant toute la dur\u00e9e de l&#8217;\u00e9laboration du projet, les habitants, les associations locales et les autres personnes concern\u00e9es&#8221;.<\/em><\/p>\n\n\n\n<p><em>Ce formulaire de contact permet donc \u00e0 tout un chacun d&#8217;exprimer son opinion et faire part de ses remarques dans le cadre de la r\u00e9vision du PLU de la ville de Ch\u00e2teau-Gontier-sur-Mayenne.&#8221;<\/em><\/p>\n","protected":false},"excerpt":{"rendered":"<p>&#8220;L&#8217;article L.103-2 du code de l&#8217;urbanisme dispose que les Plan Locaux d&#8217;Urbanisme &#8220;font l&#8217;objet d&#8217;une concertation associant, pendant toute la dur\u00e9e de l&#8217;\u00e9laboration du projet, les habitants, les associations locales et les autres personnes concern\u00e9es&#8221;. Ce formulaire de contact permet donc \u00e0 tout un chacun d&#8217;exprimer son opinion et faire part de ses remarques dans [&hellip;]<\/p>\n","protected":false},"author":3,"featured_media":0,"parent":0,"menu_order":0,"comment_status":"closed","ping_status":"closed","template":"","meta":{"footnotes":""},"class_list":["post-994","page","type-page","status-publish","hentry","entry"],"yoast_head":"<!-- This site is optimized with the Yoast SEO plugin v27.4 - https:\/\/yoast.com\/product\/yoast-seo-wordpress\/ -->\n<title>CONTACT - PLU de Ch\u00e2teau-Gontier sur Mayenne<\/title>\n<meta name=\"robots\" content=\"index, follow, max-snippet:-1, max-image-preview:large, max-video-preview:-1\" \/>\n<link rel=\"canonical\" href=\"https:\/\/plu-chateaugontier.fr\/index.php\/contact\/\" \/>\n<meta property=\"og:locale\" content=\"fr_FR\" \/>\n<meta property=\"og:type\" content=\"article\" \/>\n<meta property=\"og:title\" content=\"CONTACT - PLU de Ch\u00e2teau-Gontier sur Mayenne\" \/>\n<meta property=\"og:description\" content=\"&#8220;L&#8217;article L.103-2 du code de l&#8217;urbanisme dispose que les Plan Locaux d&#8217;Urbanisme &#8220;font l&#8217;objet d&#8217;une concertation associant, pendant toute la dur\u00e9e de l&#8217;\u00e9laboration du projet, les habitants, les associations locales et les autres personnes concern\u00e9es&#8221;. Ce formulaire de contact permet donc \u00e0 tout un chacun d&#8217;exprimer son opinion et faire part de ses remarques dans [&hellip;]\" \/>\n<meta property=\"og:url\" content=\"https:\/\/plu-chateaugontier.fr\/index.php\/contact\/\" \/>\n<meta property=\"og:site_name\" content=\"PLU de Ch\u00e2teau-Gontier sur Mayenne\" \/>\n<meta property=\"article:modified_time\" content=\"2021-11-15T16:07:32+00:00\" \/>\n<meta name=\"twitter:card\" content=\"summary_large_image\" \/>\n<script type=\"application\/ld+json\" class=\"yoast-schema-graph\">{\"@context\":\"https:\\\/\\\/schema.org\",\"@graph\":[{\"@type\":\"WebPage\",\"@id\":\"https:\\\/\\\/plu-chateaugontier.fr\\\/index.php\\\/contact\\\/\",\"url\":\"https:\\\/\\\/plu-chateaugontier.fr\\\/index.php\\\/contact\\\/\",\"name\":\"CONTACT - PLU de Ch\u00e2teau-Gontier sur Mayenne\",\"isPartOf\":{\"@id\":\"https:\\\/\\\/plu-chateaugontier.fr\\\/#website\"},\"datePublished\":\"2021-11-12T08:43:23+00:00\",\"dateModified\":\"2021-11-15T16:07:32+00:00\",\"breadcrumb\":{\"@id\":\"https:\\\/\\\/plu-chateaugontier.fr\\\/index.php\\\/contact\\\/#breadcrumb\"},\"inLanguage\":\"fr-FR\",\"potentialAction\":[{\"@type\":\"ReadAction\",\"target\":[\"https:\\\/\\\/plu-chateaugontier.fr\\\/index.php\\\/contact\\\/\"]}]},{\"@type\":\"BreadcrumbList\",\"@id\":\"https:\\\/\\\/plu-chateaugontier.fr\\\/index.php\\\/contact\\\/#breadcrumb\",\"itemListElement\":[{\"@type\":\"ListItem\",\"position\":1,\"name\":\"Accueil\",\"item\":\"https:\\\/\\\/plu-chateaugontier.fr\\\/\"},{\"@type\":\"ListItem\",\"position\":2,\"name\":\"CONTACT\"}]},{\"@type\":\"WebSite\",\"@id\":\"https:\\\/\\\/plu-chateaugontier.fr\\\/#website\",\"url\":\"https:\\\/\\\/plu-chateaugontier.fr\\\/\",\"name\":\"PLU de Ch\u00e2teau-Gontier sur Mayenne\",\"description\":\"Bienvenue sur le site du PLU de Ch\u00e2teau-Gontier sur Mayenne\",\"publisher\":{\"@id\":\"https:\\\/\\\/plu-chateaugontier.fr\\\/#organization\"},\"potentialAction\":[{\"@type\":\"SearchAction\",\"target\":{\"@type\":\"EntryPoint\",\"urlTemplate\":\"https:\\\/\\\/plu-chateaugontier.fr\\\/?s={search_term_string}\"},\"query-input\":{\"@type\":\"PropertyValueSpecification\",\"valueRequired\":true,\"valueName\":\"search_term_string\"}}],\"inLanguage\":\"fr-FR\"},{\"@type\":\"Organization\",\"@id\":\"https:\\\/\\\/plu-chateaugontier.fr\\\/#organization\",\"name\":\"PLU de Ch\u00e2teau-Gontier sur Mayenne\",\"url\":\"https:\\\/\\\/plu-chateaugontier.fr\\\/\",\"logo\":{\"@type\":\"ImageObject\",\"inLanguage\":\"fr-FR\",\"@id\":\"https:\\\/\\\/plu-chateaugontier.fr\\\/#\\\/schema\\\/logo\\\/image\\\/\",\"url\":\"https:\\\/\\\/plu-chateaugontier.fr\\\/wp-content\\\/uploads\\\/2021\\\/11\\\/bandeau-PLU-revu-png-1.png\",\"contentUrl\":\"https:\\\/\\\/plu-chateaugontier.fr\\\/wp-content\\\/uploads\\\/2021\\\/11\\\/bandeau-PLU-revu-png-1.png\",\"width\":1000,\"height\":200,\"caption\":\"PLU de Ch\u00e2teau-Gontier sur Mayenne\"},\"image\":{\"@id\":\"https:\\\/\\\/plu-chateaugontier.fr\\\/#\\\/schema\\\/logo\\\/image\\\/\"}}]}<\/script>\n<!-- \/ Yoast SEO plugin. -->","yoast_head_json":{"title":"CONTACT - PLU de Ch\u00e2teau-Gontier sur Mayenne","robots":{"index":"index","follow":"follow","max-snippet":"max-snippet:-1","max-image-preview":"max-image-preview:large","max-video-preview":"max-video-preview:-1"},"canonical":"https:\/\/plu-chateaugontier.fr\/index.php\/contact\/","og_locale":"fr_FR","og_type":"article","og_title":"CONTACT - PLU de Ch\u00e2teau-Gontier sur Mayenne","og_description":"&#8220;L&#8217;article L.103-2 du code de l&#8217;urbanisme dispose que les Plan Locaux d&#8217;Urbanisme &#8220;font l&#8217;objet d&#8217;une concertation associant, pendant toute la dur\u00e9e de l&#8217;\u00e9laboration du projet, les habitants, les associations locales et les autres personnes concern\u00e9es&#8221;. Ce formulaire de contact permet donc \u00e0 tout un chacun d&#8217;exprimer son opinion et faire part de ses remarques dans [&hellip;]","og_url":"https:\/\/plu-chateaugontier.fr\/index.php\/contact\/","og_site_name":"PLU de Ch\u00e2teau-Gontier sur Mayenne","article_modified_time":"2021-11-15T16:07:32+00:00","twitter_card":"summary_large_image","schema":{"@context":"https:\/\/schema.org","@graph":[{"@type":"WebPage","@id":"https:\/\/plu-chateaugontier.fr\/index.php\/contact\/","url":"https:\/\/plu-chateaugontier.fr\/index.php\/contact\/","name":"CONTACT - PLU de Ch\u00e2teau-Gontier sur Mayenne","isPartOf":{"@id":"https:\/\/plu-chateaugontier.fr\/#website"},"datePublished":"2021-11-12T08:43:23+00:00","dateModified":"2021-11-15T16:07:32+00:00","breadcrumb":{"@id":"https:\/\/plu-chateaugontier.fr\/index.php\/contact\/#breadcrumb"},"inLanguage":"fr-FR","potentialAction":[{"@type":"ReadAction","target":["https:\/\/plu-chateaugontier.fr\/index.php\/contact\/"]}]},{"@type":"BreadcrumbList","@id":"https:\/\/plu-chateaugontier.fr\/index.php\/contact\/#breadcrumb","itemListElement":[{"@type":"ListItem","position":1,"name":"Accueil","item":"https:\/\/plu-chateaugontier.fr\/"},{"@type":"ListItem","position":2,"name":"CONTACT"}]},{"@type":"WebSite","@id":"https:\/\/plu-chateaugontier.fr\/#website","url":"https:\/\/plu-chateaugontier.fr\/","name":"PLU de Ch\u00e2teau-Gontier sur Mayenne","description":"Bienvenue sur le site du PLU de Ch\u00e2teau-Gontier sur Mayenne","publisher":{"@id":"https:\/\/plu-chateaugontier.fr\/#organization"},"potentialAction":[{"@type":"SearchAction","target":{"@type":"EntryPoint","urlTemplate":"https:\/\/plu-chateaugontier.fr\/?s={search_term_string}"},"query-input":{"@type":"PropertyValueSpecification","valueRequired":true,"valueName":"search_term_string"}}],"inLanguage":"fr-FR"},{"@type":"Organization","@id":"https:\/\/plu-chateaugontier.fr\/#organization","name":"PLU de Ch\u00e2teau-Gontier sur Mayenne","url":"https:\/\/plu-chateaugontier.fr\/","logo":{"@type":"ImageObject","inLanguage":"fr-FR","@id":"https:\/\/plu-chateaugontier.fr\/#\/schema\/logo\/image\/","url":"https:\/\/plu-chateaugontier.fr\/wp-content\/uploads\/2021\/11\/bandeau-PLU-revu-png-1.png","contentUrl":"https:\/\/plu-chateaugontier.fr\/wp-content\/uploads\/2021\/11\/bandeau-PLU-revu-png-1.png","width":1000,"height":200,"caption":"PLU de Ch\u00e2teau-Gontier sur Mayenne"},"image":{"@id":"https:\/\/plu-chateaugontier.fr\/#\/schema\/logo\/image\/"}}]}},"_links":{"self":[{"href":"https:\/\/plu-chateaugontier.fr\/index.php\/wp-json\/wp\/v2\/pages\/994","targetHints":{"allow":["GET"]}}],"collection":[{"href":"https:\/\/plu-chateaugontier.fr\/index.php\/wp-json\/wp\/v2\/pages"}],"about":[{"href":"https:\/\/plu-chateaugontier.fr\/index.php\/wp-json\/wp\/v2\/types\/page"}],"author":[{"embeddable":true,"href":"https:\/\/plu-chateaugontier.fr\/index.php\/wp-json\/wp\/v2\/users\/3"}],"replies":[{"embeddable":true,"href":"https:\/\/plu-chateaugontier.fr\/index.php\/wp-json\/wp\/v2\/comments?post=994"}],"version-history":[{"count":0,"href":"https:\/\/plu-chateaugontier.fr\/index.php\/wp-json\/wp\/v2\/pages\/994\/revisions"}],"wp:attachment":[{"href":"https:\/\/plu-chateaugontier.fr\/index.php\/wp-json\/wp\/v2\/media?parent=994"}],"curies":[{"name":"wp","href":"https:\/\/api.w.org\/{rel}","templated":true}]}}